 x**5/40 + 7*x**4/24 + 9*x**3/2 + 37*x**2. Let p(g) be the first derivative of r(g). Is p(5) prime?
True
Let n(t) = -216*t**3 - 10*t**2 - 9*t - 29. Let h be n(-6). Suppose 7*z + h = 18*z. Is z prime?
True
Let y = 60492 - 39876. Let b = -4303 + y. Is b composite?
True
Let h = 122836 + -24629. Is h prime?
True
Let x(z) = -24 + 48 + z + 51 + z. Is x(7) a prime number?
True
Let d(l) = 131*l**2 + 5*l + 2 + 2 + 2 - 135*l**2 + 336*l**3. Is d(3) a prime number?
False
Let a(f) = f**3 + 33*f**2 + 70*f + 70. Let l be a(31). Let p = -34417 + l. Is p a prime number?
True
Suppose 3*w = 6, 5*m + 3*w = -42292 + 1092483. Is m prime?
True
Suppose 5*d - 117 = 748. Suppose -2670 + 435 = -4*a + 5*f, 1668 = 3*a - f. Suppose -d = -8*s + a. Is s prime?
False
Suppose -3*i + 9610 = 2*a, 1261 = i + 2*a - 1941. Suppose -c - 5855 = -4*d, 0 = -4*d - 4*c + i + 2676. Is d prime?
False
Let q = 732 - 772. Is (-367910)/q + 21/(-28) a composite number?
True
Suppose -3*o - 5*x = -802, o + 4*x - 207 = 58. Suppose 272*h = o*h + 5514. Is h a prime number?
False
Let q be (-2)/8 - 9652/(-16). Let a = q - 894. Is 5/(10/a)*-2 a prime number?
False
Let v(d) = 187884*d - 2377. Is v(22) prime?
False
Suppose 0 = k + 5*j - 5592, 3*j = 4*k + 7*j - 22288. Let w = -28289 + k. Is (1/(6/(-4)))/(28/w) a composite number?
False
Let y(u) = 8865*u - 6673. Is y(20) prime?
True
Let a = -73311 + 122032. Is a a prime number?
False
Let y be 3/((-18)/21)*-2. Suppose -2*p + y*s = 8*s - 16397, -3*p - 4*s = -24603. Is p a prime number?
False
Is 3 - (1 + (-340)/4)*3448254/217 prime?
False
Let v(w) = w**2 - 27*w + 36. Let j be v(24). Let p(x) = -x**3 - 35*x**2 - 13*x - 5. Is p(j) prime?
True
Let r(t) = -16*t - 71*t**2 - 7 + 21*t**2 + 23*t**2 + 28*t**2. Let k be r(5). Let f = k - -261. Is f a prime number?
True
Let s = -25602 - -43192. Suppose -s = 20*k - 216890. Is k prime?
False
Let l(j) = -119*j**2 + j - 73. Let p be l(7). Let z = -2604 - p. Is z a prime number?
False
Let m(c) = 9*c**3 + 3*c**2 + 10*c - 5. Let i(z) = -z**3 + z**2 - 3. Let a(y) = 2*i(y) - m(y). Is a(-5) a prime number?
True
Suppose -25*f + 1958439 = 3*p - 22*f, 3*f - 652825 = -p. Is p composite?
True
Let z = -311165 - -447052. Is z composite?
False
Suppose -5*s + 481319 = 4*r, -2*r - 196346 - 188678 = -4*s. Is s a prime number?
True
Suppose 6*h = 9*h - 6. Suppose 3*w - 7 = h. Suppose -w*o = 2*n - 1011, 4*o + 0*n + n - 1348 = 0. Is o composite?
False
Is (17/17)/(4/(-4))*-6598 composite?
True
Suppose -4*q - 14226 - 189613 = -3*s, 67958 = s - 3*q. Is s a prime number?
False
Suppose -a - 2 + 3 = 0. Suppose -r - 532 = 2*g, g = -2 + a. Let l = r - -784. Is l composite?
True
Suppose -22480 = -3*m + 40739. Is m prime?
False
Let k(s) = -765*s - 60. Let r be k(-14). Suppose 0 = -2*y + 4*x - 3*x + r, -2*y + 5*x = -10666. Is y composite?
False
Let n(f) = 49*f**2 + f - 3. Let q be n(2). Suppose 0 = 5*b - 0*b - q. Suppose 38*x = b*x - 223. Is x a prime number?
True
Let v(j) = j**2 + j + 12. Let h be v(-4). Suppose -12 - h = 3*d + 2*l, 2*d - l = -17. Is 5*-109*d/10 prime?
False
Let p be ((-36 + -6)/(-6))/1. Is p/(-14)*4786*-1 a composite number?
False
Let y(q) = 828*q**3 - 8*q**2 - 87*q + 121. Is y(16) composite?
False
Suppose 60*f - 191*f - 4845445 + 18529574 = 0. Is f a prime number?
True
Let t(p) = -5983*p + 5434. Is t(-49) a prime number?
True
Let y be (-92 + 2 + -3)*(-212 - -1). Suppose 92*p + y = 95*p. Is p prime?
False
Suppose 122*k + 3198474 - 4522935 - 14376573 = 0. Is k composite?
True
Suppose -12*z = -46 - 2. Let h(m) = m**2 - 2*m - 3. Let u be h(z). Suppose -533 - 142 = -u*g - 4*l, -g - 2*l + 129 = 0. Is g a prime number?
True
Let h = -180 + 195. Is (-2)/h + 108034/30 a prime number?
False
Let y(p) = 63*p - 2. Let b(q) = -q**3 - 8*q**2 + 10*q + 11. Let h be b(-9). Suppose -4*r + 34 = h*c, 4*r - 5*c = -r + 50. Is y(r) prime?
False
Let q = -218 - -74. Let b = 258 + q. Let m = 169 - b. Is m prime?
False
Suppose -1186*k - 247513 = -1191*k + 2*p, -2*k + 3*p = -99025. Is k prime?
True
Let p(h) be the second derivative of 93*h**3/2 + 5*h**2/2 - 27*h - 1. Let c = 3 + -1. Is p(c) a composite number?
False
Suppose -5108 + 9152 = 6*m. Is m a prime number?
False
Let q(d) = -37*d**3 + 5*d**2 - 13*d + 11. Let a be q(5). Let m = -2091 - a. Is m a composite number?
True
Suppose 36*v + v = -12*v + 3546571. Is v composite?
False
Suppose 9*c - 11*c = 12. Let m be (8 + c - 5/2)*-6. Suppose 637 = -0*d + d - m*k, -5*k = -20. Is d a composite number?
True
Let o(a) = 242*a + 102. Let y(k) = -k + 2. Let x(z) = -o(z) - 2*y(z). Is x(-8) composite?
True
Suppose 686124 = -66*u + 68*u. Suppose -13*k = -31*k + u. Is k composite?
True
Suppose 3*n + 5*d - 19 = -88, 0 = -4*n - 5*d - 92. Let o = n + 28. Suppose -4*z - o*z = -5013. Is z composite?
False
Let o be ((-42)/(-28))/((-2)/(-4)). Suppose v - 4*m = 1459, 5*v - 7364 = -0*v - o*m. Is v a composite number?
False
Let b(k) = k**3 - 5*k - 4. Let n be b(-2). Let z be (-1)/n - (-1407)/2. Let s = z + -453. Is s composite?
False
Is ((-2794328)/160*4)/(0 + 5/(-25)) a composite number?
False
Suppose 4*g = 2*w + g + 6, 3*w + 9 = -5*g. Let u(t) be the third derivative of -83*t**4/12 + t**3/6 - 13*t**2. Is u(w) composite?
False
Suppose -12 = -0*l - 2*l. Suppose l*p = -0*p + 468. Suppose -74*z = -p*z + 2812. Is z a prime number?
False
Let i be (28 - 3)*2/(-5). Let l(c) be the second derivative of -187*c**3/6 + 19*c**2/2 - 122*c. Is l(i) prime?
True
Suppose -1431*x + 1434*x = 165. Suppose x*u + 46542 = 201587. Is u prime?
True
Suppose -11*w - 2*w + 3185 = 0. Let i = -127 + w. Is i a composite number?
True
Is 1/(-5) - (5 - 3 - 14688414/195) a composite number?
False
Suppose 24*m - 18*m + 24 = 0. Let g(q) = -32*q**3 + 2*q**2 + 4*q**2 + 9 - 3*q**3 + 6*q. Is g(m) a composite number?
True
Let b be ((-1)/((-2)/4))/(4/106). Let r be (-104)/2*75/(-6). Let h = b + r. Is h a prime number?
False
Let m be 18590/18 + (-6)/(-27). Let h = m - 348. Is h a prime number?
False
Let l = -30 - -33. Suppose -73209 - 10515 = -l*p. Is (-44)/24 + 2 - p/(-24) a prime number?
True
Let h(x) be the first derivative of 3*x**2/2 - 35*x - 1. Let p be h(12). Is 55*9 - ((0 - p) + 3) composite?
True
Let a = -31 - -35. Suppose 4*r + k = r - 2, -6 = -a*r + 3*k. Suppose -2*v - 3*v + 34165 = r. Is v prime?
True
Is 3/2 + 15615223/(-182)*-7 a prime number?
False
Let v(w) = 303*w + 9. Let h(r) = -911*r - 28. Let n(j) = -2*h(j) - 7*v(j). Is n(-4) a prime number?
False
Suppose -5*n - 2*w - 2324 = 0, -4*w - 1209 = 5*n + 1109. Let r = n + 579. Is r composite?
False
Let t(c) = 6*c + 44. Let s be t(-5). Suppose -3*n + s = 4*p - n, 5*p + 4*n - 19 = 0. Is 11212/16 - p/(-12) a prime number?
True
Let j(a) = 3*a - 40. Let x be j(2). Is x/(-10) + -3 + 24773/5 a composite number?
True
Suppose 3*z - 2 - 7 = 0, 0 = 3*d - 4*z + 12. Suppose 0 = -d*k - 5*k + 60. Suppose k*p = 1382 + 3550. Is p a composite number?
True
Let y(r) = 287*r**2 + 20*r - 19. Let w(f) = -143*f**2 - 10*f + 10. Let k(t) = -9*w(t) - 4*y(t). Is k(5) a composite number?
False
Suppose -533*r = -534*r + 7, -3*r + 36050 = o. Is o a composite number?
True
Suppose -5*w + 156760 = 5*h, 32*w - 27*w - 31356 = -h. Is h composite?
True
Suppose -793841 = 34*i - 2809961 - 1367594. Is i prime?
False
Let x(k) = k**3 - 29*k**2 + 52*k + 20. Let d be x(27). Is d*(-973)/14 - 4 composite?
True
Let n = 10001 - 1506. Is n prime?
False
Let j(o) = -8983*o + 6. Let d be j(-2). Let v = d - 6493. Is v composite?
True
Let c(r) = 13*r**2 + 9*r + 14. Let o = -85 + 77. Let v be c(o). Suppose -2038 = -4*p + v. Is p prime?
False
Let q = 230 + -234. Is 6/q - 242801/(-26) composite?
False
Suppose -5*h = -u - 11, 4*u - 4*h + 4 = 2*u. Suppose 0 = -u*m + 2*a + 14, m + a = 8. Suppose -m*y + 2148 = 83. Is y composite?
True
Let o(v) = -18050*v + 3529. Is o(-17) prime?
True
Suppose 0*s + 2*s + 5642 = 5*o, -2*s + 5638 = 5*o. Let d = -421 + o. Is d prime?
False
Let b be 130821 - 1/(-1)*-9. Suppose 55*s + b - 445027 = 0. Is s a prime number?
False
Let h = -33 - -25. Is (21/28 + (-4210)/h)/1 a composite number?
True
Let t(g) = -156*g**3 - 4*g**2 - 2*g + 1. Let n be t(-2). Let h = -1767 + 1203. Let w = n + h. Is w composite?
False
Let r = -131941 - -230120. Is r a composite number?
False
Let h(z) be the first derivative of 22*z**3/3 + 2*z**2 + 61*z - 130. Is h(8) a prim